101100111 (base 2) in base 7?
-11605123
What is 2142323124 (base 5) in base 3?
22202022212212
What is -2030355 (base 7) in base 3?
-110022220110
What is 91034 (base 15) in base 12?
1a17a1
-32311220 (base 4) to base 5
-3421101
-29d226 (base 14) to base 6
-51123350
What is -32100003130 (base 4) in base 11?
-2121817
-1211032014 (base 5) to base 11
-1663463
-5e6ea (base 15) to base 3
-120100012011
-202111022200 (base 3) to base 11
-256071
14053115 (base 6) to base 15
95575
Convert 21002233010 (base 4) to base 2.
1001000010101111000100
What is -11000000110100101011 (base 2) in base 11?
-49a433
Convert -20012010112 (base 3) to base 6.
-2340022
What is -5233763 (base 8) in base 6?
-45445511
Convert -15475d (base 16) to base 10.
-1394525
What is 570181 (base 9) in base 10?
341326
-17d8ca (base 16) to base 14
-2c9786
What is -220508 (base 12) in base 4?
-2003303120
-20012221120 (base 3) to base 6
-2342453
What is 26dad7 (base 15) in base 6?
104015551
What is -100002201020112 (base 3) in base 5?
-2214230422
Convert -101310013303 (base 4) to base 6.
-244032031
-1010111010101110100110 (base 2) to base 4
-22322232212
-33762172 (base 8) to base 14
-d8c52a
What is -22021121211121 (base 3) in base 12?
-1583267
Convert -234a46 (base 11) to base 3.
-200221010100
Convert 3304041 (base 5) to base 11.
39720
What is 210000221212101 (base 3) in base 5?
10330212432
What is -99986 (base 12) in base 9?
-340223
bf9f (base 16) to base 9
74255
Convert 700216 (base 13) to base 3.
11220001201101
Convert -cd280 (base 15) to base 9.
-1203263
Convert 327e7 (base 16) to base 7.
1520661
Convert -523241 (base 6) to base 4.
-22103221
Convert 14304544 (base 7) to base 4.
11020222201
17543 (base 14) to base 15
125ad
What is 7a451 (base 16) in base 12?
2019a9
-4038985 (base 10) to base 8
-17320511
What is -1100011110101010 (base 2) in base 13?
-1a35b
-20301302132 (base 4) to base 5
-1042113321
Convert -32110333300 (base 4) to base 14.
-6dab4c
3149776 (base 10) to base 11
1861523
Convert -4ea5c (base 16) to base 6.
-10523220
What is -4404340 (base 5) in base 14?
-1d799
-220303110012 (base 4) to base 2
-101000110011010100000110
What is -1080a16 (base 11) in base 15?
-274e96
Convert 43224420 (base 5) to base 14.
97ccd
20120032230 (base 4) to base 6
115024300
Convert -1000010000000101011011 (base 2) to base 4.
-20100011123
-12120111100220 (base 3) to base 9
-5514326
What is -206b8 (base 13) in base 5?
-3331122
What is -645210 (base 7) in base 12?
-54b76
Convert 2014489 (base 12) to base 5.
3014002142
Convert -65841 (base 15) to base 5.
-40304421
-1f493 (base 16) to base 9
-214705
What is -15052210 (base 7) in base 6?
-50311144
5118a (base 13) to base 5
14122120
What is 11210222122112 (base 3) in base 9?
4728575
What is a5cb (base 16) in base 14?
11679
26ec4b (base 15) to base 14
36a597
-497545 (base 10) to base 12
-1bbb21
-806552 (base 15) to base 5
-3030041302
Convert 156991 (base 11) to base 13.
86a56
What is bc734 (base 13) in base 5?
41414021
What is 1b050 (base 16) in base 12?
54068
-7f1e2 (base 16) to base 9
-873206
What is 358c9 (base 15) in base 12?
82983
-1001101101001010110 (base 2) to base 10
-318038
1241643 (base 11) to base 14
40116b
Convert -a8062f (base 16) to base 5.
-10304333011
What is 112144352 (base 6) in base 11?
1191925
-101110111010011100 (base 2) to base 8
-567234
Convert 276783 (base 13) to base 16.
e9a39
Convert 15094 (base 10) to base 14.
5702
21074705 (base 8) to base 5
2122100441
Convert 4284844 (base 9) to base 5.
1042044304
What is 7b763 (base 13) in base 6?
4455154
111100000111101000 (base 2) to base 5
30334443
-256300220 (base 7) to base 14
-2270080
What is 2300134 (base 6) in base 5?
12213243
-11220220012 (base 3) to base 7
-552311
-232037 (base 8) to base 3
-11000012110
Convert 101010100100110111 (base 2) to base 13.
614b9
What is 1751863 (base 10) in base 5?
422024423
43b664 (base 12) to base 15
1643c4
-7a8061 (base 12) to base 11
-112098a
Convert 384048a (base 11) to base 13.
14c356a
What is 22002020022 (base 3) in base 12?
78098
What is -323654 (base 7) in base 6?
-1113545
Convert b76aa5 (base 14) to base 3.
102200011122221
Convert 1100010331 (base 4) to base 12.
139991
Convert 17284b (base 13) to base 5.
121431104
Convert 103331032333 (base 4) to base 5.
2314402201
What is -203005161 (base 7) in base 10?
-11884356
What is -25210 (base 13) in base 3?
-10110220111
What is -10534054 (base 6) in base 10?
-323602
What is 39436 (base 11) in base 8?
156151
What is -11b6bba (base 12) in base 10?
-3475006
Convert -107858 (base 11) to base 4.
-221312013
Convert -11e13d (base 16) to base 9.
-2175330
What is -12979420 (base 10) in base 3?
-220102102102021
Convert 22002203112 (base 4) to base 14.
4c7206
8300002 (base 9) to base 14
833d41
Convert 62336145 (base 8) to base 2.
110010011011110001100101
What is -e9ed0 (base 15) in base 16?
-b5446
What is 11001111000000110001100 (base 2) in base 10?
6783372
Convert 7316682 (base 10) to base 5.
3333113212
What is 4434032022 (base 5) in base 11?
5508257
What is 4229b5 (base 13) in base 7?
16106106
What is -1113440322 (base 5) in base 8?
-11363175
Convert -2574e3 (base 16) to base 12.
-9a46ab
23121321211 (base 4) to base 11
1762201
-5576 (base 11) to base 12
-42bb
What is 17494019 (base 10) in base 9?
35823248
Convert -1b41b4 (base 12) to base 15.
-9869a
What is -1a530 (base 14) in base 12?
-32852
Convert 214578 (base 10) to base 2.
110100011000110010
-2949010 (base 10) to base 4
-23033332102
10001001111101010010 (base 2) to base 6
20040030
What is -48ea0a (base 16) in base 3?
-22222202212201
What is -102044431 (base 5) in base 4?
-1213300133
31157174 (base 9) to base 2
111001001000100110101101
10cd2 (base 16) to base 8
206322
Convert -14ce3b1 (base 15) to base 7.
-242131564
-10551766 (base 8) to base 3
-11021221222112
What is 83592 (base 15) in base 2?
1100101101010000011
1150293 (base 10) to base 4
10120311111
What is -2266565 (base 7) in base 5?
-33120133
Convert -cb4ed (base 16) to base 11.
-519725
Convert -2003556 (base 7) to base 16.
-39c45
What is -1173b45 (base 12) in base 5?
-1331334124
What is -1223301021 (base 4) in base 10?
-441417
What is -313301012031 (base 4) in base 6?
-1241200353
-3524525 (base 7) to base 2
-1101100010000011100
Convert 76057 (base 9) to base 4.
30102301
Convert 655353 (base 11) to base 6.
34233151
Convert 2ebff4 (base 16) to base 14.
59a788
Convert 457b4a (base 13) to base 3.
10002120220012
Convert -61441 (base 9) to base 5.
-2243311
Convert 387922 (base 10) to base 14.
a152a
21654600 (base 7) to base 10
1879248
What is -110100110111111 (base 2) in base 13?
-c425
Convert -373a (base 14) to base 15.
-2cdb
Convert 234221 (base 11) to base 12.
15b07a
Convert b00b6b (base 12) to base 7.
32164616
Convert 5002 (base 12) to base 10.
8642
Convert 166296 (base 10) to base 8.
504630
Convert -51279a (base 11) to base 15.
-11400e
What is 110101201200 (base 3) in base 12?
b9269
Convert -1684 (base 15) to base 5.
-123344
Convert 44ed8 (base 16) to base 8.
1047330
Convert -744400 (base 8) to base 4.
-330210000
Convert 14313a (base 11) to base 15.
46482
212320551 (base 6) to base 9
7057754
Convert -4036060 (base 8) to base 6.
-34445504
-1927 (base 14) to base 8
-10677
-121012202201 (base 3) to base 2
-1001101111010011100
-280034 (base 9) to base 12
-828a1
What is 33101012 (base 4) in base 2?
1111010001000110
What is a48705 (base 11) in base 13?
46ac2c
Convert -44243 (base 15) to base 13.
-7771b
-b8296 (base 13) to base 15
-68673
What is a529c (base 16) in base 14?
138780
What is 5006b (base 15) in base 5?
31100401
-2415512 (base 6) to base 7
-1036130
What is 11010101100010000011 (base 2) in base 11?
548136
Convert -14a96 (base 14) to base 5.
-3121414
41784 (base 14) to base 2
100110100011001000
Convert 154224330 (base 6) to base 11.
1944123
209c73 (base 15) to base 5
344130213
What is 1507362 (base 8) in base 7?
3440043
Convert 5001040 (base 6) to base 13.
823a1
-1041a7 (base 12) to base 2
-111110100000001111
22a1b (base 13) to base 4
33123332
-1a1d9 (base 14) to base 6
-1230403
Convert -11422130 (base 5) to base 8.
-322416
Convert -2ba9d8 (base 14) to base 8.
-5647502
60145 (base 13) to base 4
221321020
Convert 21301413 (base 6) to base 14.
125961
Convert -13b76a (base 13) to base 11.
-2aa499
Conv